{"id":84465,"date":"2026-03-12T14:56:50","date_gmt":"2026-03-12T17:56:50","guid":{"rendered":"https:\/\/noticiasmotociclisticas.com.br\/?page_id=84465"},"modified":"2026-03-12T14:56:50","modified_gmt":"2026-03-12T17:56:50","slug":"a-doacao-falhou","status":"publish","type":"page","link":"https:\/\/noticiasmotociclisticas.com.br\/?page_id=84465","title":{"rendered":"A doa\u00e7\u00e3o falhou"},"content":{"rendered":"<p>Sentimos muito, sua doa\u00e7\u00e3o n\u00e3o foi processada. Tente novamente ou entre em contato com o suporte do site.<\/p>\n","protected":false},"excerpt":{"rendered":"<p>Sentimos muito, sua doa\u00e7\u00e3o n\u00e3o foi processada. Tente novamente ou entre em contato com o suporte do site.<\/p>\n","protected":false},"author":1,"featured_media":0,"parent":0,"menu_order":0,"comment_status":"closed","ping_status":"closed","template":"","meta":{"footnotes":""},"class_list":["post-84465","page","type-page","status-publish","hentry"],"_links":{"self":[{"href":"https:\/\/noticiasmotociclisticas.com.br\/index.php?rest_route=\/wp\/v2\/pages\/84465","targetHints":{"allow":["GET"]}}],"collection":[{"href":"https:\/\/noticiasmotociclisticas.com.br\/index.php?rest_route=\/wp\/v2\/pages"}],"about":[{"href":"https:\/\/noticiasmotociclisticas.com.br\/index.php?rest_route=\/wp\/v2\/types\/page"}],"author":[{"embeddable":true,"href":"https:\/\/noticiasmotociclisticas.com.br\/index.php?rest_route=\/wp\/v2\/users\/1"}],"replies":[{"embeddable":true,"href":"https:\/\/noticiasmotociclisticas.com.br\/index.php?rest_route=%2Fwp%2Fv2%2Fcomments&post=84465"}],"version-history":[{"count":0,"href":"https:\/\/noticiasmotociclisticas.com.br\/index.php?rest_route=\/wp\/v2\/pages\/84465\/revisions"}],"wp:attachment":[{"href":"https:\/\/noticiasmotociclisticas.com.br\/index.php?rest_route=%2Fwp%2Fv2%2Fmedia&parent=84465"}],"curies":[{"name":"wp","href":"https:\/\/api.w.org\/{rel}","templated":true}]}}